12. Let v be j*2/(-6) + 11. Calculate the greatest common divisor of v and 3.
3
Let t(d) = -7*d**2 - d - 1. Let j be t(-1). Let w be (-2)/j - 216/(-28). Calculate the highest common divisor of w and 12.
4
Let g(q) = -32*q**3 - 2*q**2 + 1. Let c be g(-1). What is the greatest common factor of c and 217?
31
Let z(k) = -k**3 - 5*k**2 - 5*k + 1. Let b be z(-5). Calculate the greatest common divisor of 260 and b.
26
Suppose -k = -3*k + 440. Suppose -k = -9*x + 4*x. What is the greatest common divisor of 4 and x?
4
Let v(l) = -l**2 + 9*l - 1. Let o be v(6). What is the greatest common divisor of o and 136?
17
Let x = -3 - -6. Let f(h) = 8*h**2 - 4. Let n be f(x). Calculate the highest common factor of 17 and n.
17
Let u be 805/21 - (-1)/(-3). What is the highest common factor of u and 95?
19
Let n(j) = j**3 - 10*j**2 + j - 8. Let t be n(10). Suppose 66 = -c + t*c. What is the greatest common divisor of 44 and c?
22
Suppose 19*f = f + 108. Let x(n) = -18*n. Let s be x(-3). What is the greatest common divisor of f and s?
6
Let g(q) = -q + 1. Let d be g(1). Let s(n) = 6*n - 13. Let t be s(3). Suppose 2*k - t*k + 21 = d. Calculate the highest common divisor of k and 63.
7
Suppose -5*j - 3*w = 2*w - 120, 2*j - 5*w - 76 = 0. Calculate the highest common divisor of j and 196.
28
Let v(q) = 2*q**2 + 12*q + 18. Let m be v(-9). What is the highest common divisor of m and 9?
9
Let h(m) = m**2 - 2*m. Let b = 10 - 14. Let f be h(b). Let p(w) = w**3 - 3*w**2 - 4. Let g be p(4). What is the highest common factor of g and f?
12
Let b(u) = u**3 + 9*u**2 + 8*u + 2. Let s be (5 + 4)/(0 + 1). Let n = s + -17. Let q be b(n). Calculate the highest common divisor of 3 and q.
1
Let h(c) = -c. Let l be h(-6). Suppose -4*f - 6 = -42. Let p be 45*(-3)/f*-1. Calculate the greatest common divisor of l and p.
3
Let d = -42 + 83. Calculate the greatest common divisor of d and 41.
41
Let s(q) = q**2 - q - 12. Let a be s(15). Calculate the highest common divisor of 18 and a.
18
Let g(p) = -2*p**3 + 11*p**2 + 6*p - 1. Let q be g(5). What is the highest common divisor of q and 2?
2
Suppose 3 = 3*r, -2*r - 153 - 40 = -3*p. Calculate the greatest common factor of p and 130.
65
Let u be (9/(-3))/(3/(-9)). Suppose -v + 2 = -u. Let t be -2 + (-1 - 2)/(-1). What is the greatest common divisor of t and v?
1
Suppose -71 = -7*w + 62. Calculate the greatest common factor of w and 76.
19
Suppose -4*z + 25 - 9 = 0, -12 = -2*q + z. Let o = 10 - q. Calculate the highest common factor of o and 16.
2
Suppose s - 595 = -6*s. What is the greatest common factor of 17 and s?
17
Let y = 1 + -3. Let k(b) = -1 - 5*b - 1 + 3*b. Let t be k(y). What is the greatest common factor of 4 and t?
2
Suppose 0 = 5*s + 4*h - 30, -4*s + 4*h - 6 = 6. Suppose -104 = -s*i + 50. Calculate the greatest common factor of i and 7.
7
Let v be (-1 - 159/6)*2. Let h = v + -200. Let o = h + 375. Calculate the greatest common divisor of 12 and o.
12
Suppose -4*v + 263 = -r, -135 = -4*v - 2*r + 131. Calculate the highest common factor of 22 and v.
22
Suppose -42 = -6*f + 66. Let l(i) = 9*i**2. Let d be l(4). Calculate the greatest common divisor of d and f.
18
Suppose 20 = l + 5*a, 3*l - a = -45 + 137. Suppose l = 5*q - 30. What is the highest common divisor of q and 24?
12
Let f be -16 - -13 - (0 + -4). Let q = -5 - -16. Calculate the greatest common divisor of q and f.
1
Suppose -3*j = -52 - 128. Suppose -4*s = -s - 36. What is the highest common factor of s and j?
12
Let g = 2 - -16. What is the highest common factor of 9 and g?
9
Suppose 0 = -2*i + i. Suppose -3*k - 2*h + 14 = 0, -5*k + 6 + 11 = -3*h. Suppose i = -k*a - 0*a + 4. Calculate the greatest common factor of a and 3.
1
Suppose 5*n + 93 = -2*b, -b + 0*n = 3*n + 44. Let i be 16 + -14 + (-1 - b). Calculate the greatest common factor of i and 30.
30
Let p = 21 + -9. Calculate the greatest common factor of p and 96.
12
Let c = -6 - -39. What is the greatest common factor of 22 and c?
11
Suppose -4*q - 3*m = 117, q - 4*m + 34 = -0*q. Let y = 10 - 7. Let s be -2 - q/y - -3. What is the greatest common divisor of s and 88?
11
Suppose 3*w - 8 = b, -4*b - 6 = w - 0*b. Suppose 5*r + v - 573 = 4*v, 5*r - 577 = w*v. What is the highest common divisor of r and 13?
13
Let s = -11 - -38. Calculate the highest common divisor of s and 18.
9
Suppose -15 = -3*m + 3*o, 4 = -m + 3*o + 13. Suppose m*f + 1 = -8. Let r = 0 - f. What is the highest common divisor of 3 and r?
3
Let h(g) = -12*g - 5*g**2 - 3*g**2 + 12 + 7*g**2. Let y = 2 + -12. Let o be h(y). Calculate the highest common factor of o and 8.
8
Let w(j) = j**2 - 7*j + 10. Let i be w(8). Calculate the greatest common factor of 18 and i.
18
Let s be 5/(30/(-4))*-30. What is the highest common divisor of s and 50?
10
Suppose -3*c + 8 = -c + 2*b, 0 = -5*c - 2*b + 29. What is the highest common factor of c and 28?
7
Let l = 1 + 0. Suppose -5*o + 3 + 2 = 5*w, 3*o + 3 = 0. What is the highest common factor of w and l?
1
Let a be (-2424)/27 - 10/45. Let h = a - -160. Calculate the greatest common divisor of h and 10.
10
Let a be 2884/16 - 4/16. Calculate the greatest common factor of a and 72.
36
Let j(p) be the first derivative of -2*p**2 - 7*p + 9. Let c be j(-4). What is the highest common factor of c and 45?
9
Suppose -16 = -2*c + 6. Let x = 53 - c. Suppose 4*b = x - 18. What is the greatest common divisor of 18 and b?
6
Suppose -4*d + 0*y + 36 = 2*y, 4*d - 4*y - 48 = 0. Calculate the highest common divisor of d and 4.
2
Suppose -57 + 162 = 3*d. What is the greatest common factor of d and 14?
7
Let f = -59 + 30. Let o = f + 41. What is the greatest common factor of 96 and o?
12
Suppose -3*w - 3*w = -2640. Calculate the greatest common divisor of 40 and w.
40
Suppose 0 = 3*j - 2*s - 184, -3*j - s = -0*j - 178. Suppose j = 4*u - u - y, 5*u + 5*y - 100 = 0. What is the greatest common divisor of 4 and u?
4
Let x = -1105 - -1609. Suppose 0*c + x = 3*c. What is the greatest common divisor of c and 24?
24
Suppose 0 = -0*w - 5*w + 105. What is the highest common divisor of 42 and w?
21
Suppose -2*o = o + 4*p + 5, 2*o + 15 = -5*p. Suppose o*b - 436 = -d, 3*b + 3*d - 272 = 5*d. Let r = 21 - 10. What is the greatest common divisor of r and b?
11
Suppose -54 = -3*w + 1035. Calculate the highest common factor of w and 33.
33
Let b(l) = 2*l**2 - 10*l + 15. Let q be b(6). What is the highest common factor of 9 and q?
9
Let c be 8 + (3 - 7)/(-4). What is the highest common factor of 9 and c?
9
Let f(w) = 3*w**2 - 6*w + 5. Let j be f(-4). What is the greatest common divisor of j and 7?
7
Let u(s) = 8*s**2 + 2*s - 4. Let l be u(2). What is the greatest common factor of 80 and l?
16
Let m(q) be the first derivative of q**4/4 - q**2/2 + 48*q - 1. Let b be (-7)/6 + 1 + 18/108. Let r be m(b). Calculate the highest common factor of r and 16.
16
Suppose 3*c - 21 - 54 = 0. Suppose 0*w - w + c = 0. Calculate the greatest common divisor of 200 and w.
25
Suppose -3*o - 23 = -2*n, -5*o - 56 = -n - 6. Let k = o - -21. Let z = 0 + k. Calculate the highest common divisor of z and 110.
10
Let d be (6/10)/(1/5). Suppose 5 = 2*h + 1. Suppose -2*s + 145 = 5*i, -h = -i + 4*s + 5. Calculate the highest common divisor of d and i.
3
Suppose 0*j + 2*j = 4. Let l be (0*3/6)/j. Let o = 2 + l. Calculate the greatest common divisor of 2 and o.
2
Let i be 152/7 - (-12)/42. Let p be (-14)/(-6) - 2/6. Let j be 11/(0 + p/6). Calculate the greatest common divisor of j and i.
11
Let b(i) = i**3 + i**2 - i + 2. Let g be b(-2). Suppose 4*c = -g*c + 4. What is the highest common divisor of c and 7?
1
Let b = 22 - -1. Suppose -4*n = -n - 69. What is the highest common divisor of n and b?
23
Suppose 8 = -2*f + 2*w, f + w - 3 = 3. What is the greatest common divisor of f and 1?
1
Suppose g + 16 = -g. Suppose 3*j - 2*s = -0*j + 39, -3*j - 4*s + 57 = 0. Let h = j + g. What is the highest common divisor of 56 and h?
7
Let b(p) be the first derivative of -p**4/4 - 7*p**3/3 - 3*p**2 + 2*p + 7. Let v = -9 - -3. Let r be b(v). What is the greatest common factor of 2 and r?
2
Let h = -15 - -69. Calculate the greatest common factor of h and 18.
18
Suppose -r + 1 = 0, k + 3*k = 5*r + 567. Calculate the highest common factor of k and 13.
13
Let s be -2*((-158)/(-2) + -1). Let n = s + 288. Let v = 